-12110?
12100
In base 3, what is 2 - -111?
120
In base 14, what is 5 - -2?
7
In base 15, what is 2 + -77?
-75
In base 15, what is -19 - -137?
11d
In base 14, what is -14 + 33c?
328
In base 8, what is 7 - 33?
-24
In base 13, what is b3 - -25?
108
In base 7, what is 462 - -4?
466
In base 4, what is -3322133 + -2?
-3322201
In base 14, what is -165 + -49?
-1b0
In base 16, what is -2 - 6e?
-70
In base 14, what is 5 - -4b?
52
In base 3, what is 111 + 1022?
1210
In base 4, what is -22 + 202?
120
In base 16, what is -12e - 3?
-131
In base 7, what is 1521 - 4?
1514
In base 9, what is -2 - 5063?
-5065
In base 3, what is -201 - 2112?
-10020
In base 13, what is 52 + 6b?
c0
In base 15, what is 2 + -2d?
-2b
In base 6, what is 350 + 25?
415
In base 7, what is 1302 + -2?
1300
In base 6, what is -354 + -5?
-403
In base 12, what is 1 - 2132?
-2131
In base 3, what is 11 - 102112?
-102101
In base 7, what is -2010 - 4?
-2014
In base 13, what is 8 - -38?
43
In base 10, what is 0 - -56?
56
In base 12, what is -5 - -ba?
b5
In base 13, what is 20 + 11?
31
In base 11, what is 2 + -a7?
-a5
In base 4, what is 321 + -10?
311
In base 2, what is -11 - -1100101011?
1100101000
In base 5, what is -30 - -211?
131
In base 12, what is -274 + -76?
-32a
In base 16, what is 4 + -57?
-53
In base 16, what is 124 - -b?
12f
In base 15, what is -3da - -1?
-3d9
In base 10, what is 5 + -99?
-94
In base 10, what is -5 - -65?
60
In base 2, what is 10111 - -1011?
100010
In base 9, what is 4 + -8?
-4
In base 3, what is -122 + -2220?
-10112
In base 3, what is 12 + -100000221?
-100000202
In base 2, what is 100010000 + -110?
100001010
In base 16, what is 0 + 34?
34
In base 14, what is -124ba + 1?
-124b9
In base 5, what is 14 + -2031?
-2012
In base 10, what is 3501 + 0?
3501
In base 11, what is 5 + 68?
72
In base 3, what is -1 - 0?
-1
In base 13, what is 80c - -1?
810
In base 10, what is 2 - -107?
109
In base 4, what is -10312112 - -10?
-10312102
In base 15, what is 175 + e?
184
In base 4, what is 10 - 1200001?
-1133331
In base 15, what is 6 + c0?
c6
In base 15, what is 5 - -23?
28
In base 14, what is 5 - 10b?
-106
In base 11, what is 6 + 218?
223
In base 5, what is 10120 - 3?
10112
In base 7, what is 0 - 2256?
-2256
In base 8, what is 255 + 16?
273
In base 6, what is 443 - -3?
450
In base 7, what is 16 - 15?
1
In base 3, what is 112000 - -1?
112001
In base 15, what is -4 + -35d?
-362
In base 5, what is 103434 + -2?
103432
In base 7, what is -36 + 141?
102
In base 15, what is 0 + 5?
5
In base 13, what is -124 + 8?
-119
In base 10, what is -5 + -24?
-29
In base 12, what is -2 - 6b?
-71
In base 15, what is -243d - 3?
-2441
In base 6, what is 4240 + 1?
4241
In base 14, what is -4 - 98?
-9c
In base 3, what is 12 - 110121200?
-110121111
In base 12, what is -4 - -10?
8
In base 16, what is 5 - -bc9?
bce
In base 6, what is -240 - 354?
-1034
In base 4, what is 2 + 30?
32
In base 5, what is 121 + -111?
10
In base 12, what is -40 - -2?
-3a
In base 2, what is -10100 - -10010010?
1111110
In base 2, what is 11001111010 + -100?
11001110110
In base 5, what is -3 + -1304?
-1312
In base 5, what is -33 + -31?
-114
In base 5, what is 142 + -3?
134
In base 2, what is -1100101 + 11?
-1100010
In base 6, what is -4 - 331?
-335
In base 13, what is 1 - -266?
267
In base 13, what is 2 + 5a?
5c
In base 4, what is -2 - 103?
-111
In base 15, what is -2 + -1e7?
-1e9
In base 6, what is -523 - -2?
-521
In base 9, what is -254 + 4?
-250
In base 7, what is 1 - 35236?
-35235
In base 16, what is 3 - 1c?
-19
In base 12, what is -4 - -36?
32
In base 4, what is 1 + 331?
332
In base 16, what is -1e2 + -2?
-1e4
In base 6, what is -233 + -4?
-241
In base 12, what is 20 + -5?
17
In base 5, what is 13 - -11?
24
In base 10, what is 0 + -657?
-657
In base 15, what is -8 + 13e?
136
In base 12, what is -6b - 48?
-b7
In base 12, what is -4 - -408?
404
In base 15, what is -2e - -2?
-2c
In base 16, what is -5 - 59?
-5e
In base 12, what is -4 + -140b?
-1413
In base 7, what is -122 - -1?
-121
In base 8, what is 0 - -143?
143
In base 7, what is -2 - 266?
-301
In base 16, what is -5d - -9?
-54
In base 9, what is -1 + 1714?
1713
In base 13, what is -6 + -61?
-67
In base 12, what is 3 + -1a9?
-1a6
In base 11, what is 11 - -10?
21
In base 5, what is -3 + -131?
-134
In base 16, what is 2d0 + -1f?
2b1
In base 15, what is -28 - -117?
de
In base 15, what is 17d - 0?
17d
In base 8, what is 43 + -3?
40
In base 10, what is 85 + -2?
83
In base 11, what is 47 + 66?
102
In base 9, what is 6 - -53?
60
In base 16, what is 6 + 99d?
9a3
In base 6, what is 354 + -134?
220
In base 16, what is 9bb + 1?
9bc
In base 12, what is -2 + -5a?
-60
In base 4, what is -1101 + -11?
-1112
In base 8, what is 3131 - -5?
3136
In base 4, what is -232030 - -1?
-232023
In base 7, what is -14604 - -5?
-14566
In base 5, what is 204231 + 4?
204240
In base 7, what is 1 - -36?
40
In base 8, what is 152 + 3?
155
In base 9, what is -4 - 203?
-207
In base 16, what is -360 - -3?
-35d
In base 3, what is -10110 - 20?
-10200
In base 2, what is -101001101 - -10111?
-100110110
In base 7, what is 1 - 164?
-163
In base 11, what is -5 - a2?
-a7
In base 11, what is 7 + 109?
115
In base 9, what is 1 - -256?
257
In base 3, what is 122 + 110210?
111102
In base 6, what is -1201 - 32?
-1233
In base 8, what is -2 + 1?
-1
In base 5, what is 11 + 1120?
1131
In base 8, what is 655 + 3?
660
In base 13, what is 1ba + 0?
1ba
In base 12, what is 156 + -68?
aa
In base 8, what is 10 + 72?
102
In base 8, what is -5 + 50?
43
In base 4, what is 11302 - 0?
11302
In base 11, what is 92 + -63?
2a
In base 3, what is -1210 + 12010?
10100
In base 7, what is 2 - -112?
114
In base 16, what is 110 - -5?
115
In base 5, what is 3000 + -10?
2440
In base 3, what is 102 + 1?
110
In base 16, what is 3c - 0?
3c
In base 8, what is 5 - -302?
307
In base 14, what is -37d - -6?
-377
In base 11, what is 3 - -4107?
410a
In base 15, what is a + -ac?
-a2
In base 12, what is 48 - -1?
49
In base 3, what is 1012121 + -12?
1012102
In base 10, what is 12 - -6?
18
In base 14, what is 5 - -1b?
22
In base 7, what is -14 - 11?
-25
In base 7, what is 6254 - 5?
6246
In base 8, what is -11 + -100?
-111
In base 8, what is -1373 + 4?
-1367
In base 15, what is -34 + 2?
-32
In base 2, what is 11 + 1100100?
1100111
In base 3, what is 11002202 + 11?
11002220
In base 16, what is 9 - 31?
-28
In base 2, what is 101010110011 + 0?
101010110011
In base 5, what is -10240 - 1?
-10241
In base 9, what is 77 - 2?
75
In base 5, what is 10 + 22022?
22032
In base 2, what is 101 - 101001010?
-101000101
In base 2, what is 100 + -11010000?
-11001100
In base 11, what is 14a6 - -3?
14a9
In base 10, what is 1 - -9?
10
In base 11, what is 6 - -1280?
1286
In base 10, what is 4 + 89?
93
In base 7, what is 32 + 402?
434
In base 6, what is -211 - -102?
-105
In base 13, what is -1 - 1a3?
-1a4
In base 10, what is 38 - 7?
31
In base 2, what is 0 + 1010011?
1010011
In base 7, what is 1005 - 35?
640
In base 16, what is 1 - -1e?
1f
In base 16, what is 1434 - 5?
142f
In base 4, what is 3 - 1321?
-1312
In base 6, what is -23 - -442?
415
In base 16, what is 9 - 0?
9
In base 7, what is 1423 - -4?
1430
In base 16, what is 4e + e?
5c
In base 4, what is -2332 - 20?
-3012
In base 4, what is -121313 - -10?
-121303
In base 5, what is 0 + 134322?
134322
In base 6, what is -2 + -10150?
-10152
In base 10, what is 7372 - 2?
7370
In base 12, what is -71 + 5?
-68
In base 9, what is 60 - -1?
61
In base 16, what is -2 + -1a?
-1c
In base 12, what is 313 + -2?
311
In base 15, what is -4 - -4b6?
4b2
In base 13, what is -181 + -2b?
-1ac
In base 7, what is 11226 + 2?
11231
In base 8, what is -1 + -2520?
-2521
In base 7, what is -365 - -3?
-362
In base 2, what is -1001000 - 0?
-1001000
In base 7, what is 1025 + -3?
1022
In base 16, what is -ee - -f?
-df
In base 10, what is 509 - -11?
520
In base 10, what is 11 + -74?
-63
In base 9, what is -2 - -2337?
2335
In base 3, what is 11 + 10110?
10121
In base 10, what is -33 - -32?
-1
In base 3, what is -11020 + 10?
-11010
In base 16, what is -1b + 0?
-1b
In base 9, what is -42 - 2?
-44
In base 16, what is 5 + -21?
-1c
In base 7, what is 12 - -60?
102
In base 9, what is 21 + 50?
71
In base 13, what is -5 - a75?
-a7a
In base 10, what is 0 + 33?
33
In base 8, what is 6 - -444